Last updated on 2025-05-09 04:52:02 CEST.
Flavor | Version | Tinstall | Tcheck | Ttotal | Status | Flags |
---|---|---|---|---|---|---|
r-devel-linux-x86_64-debian-clang | 0.3 | 2.63 | 24.58 | 27.21 | OK | |
r-devel-linux-x86_64-debian-gcc | 0.3 | 1.89 | 19.46 | 21.35 | OK | |
r-devel-linux-x86_64-fedora-clang | 0.3 | 41.14 | OK | |||
r-devel-linux-x86_64-fedora-gcc | 0.3 | 40.35 | OK | |||
r-devel-windows-x86_64 | 0.3 | 4.00 | 54.00 | 58.00 | OK | |
r-patched-linux-x86_64 | 0.3 | 2.99 | 23.09 | 26.08 | OK | |
r-release-linux-x86_64 | 0.3 | 2.37 | 23.39 | 25.76 | OK | |
r-release-macos-arm64 | 0.3 | 34.00 | OK | |||
r-release-macos-x86_64 | 0.3 | 31.00 | OK | |||
r-release-windows-x86_64 | 0.3 | 3.00 | 57.00 | 60.00 | OK | |
r-oldrel-macos-arm64 | 0.3 | 16.00 | NOTE | |||
r-oldrel-macos-x86_64 | 0.3 | 24.00 | NOTE | |||
r-oldrel-windows-x86_64 | 0.3 | 4.00 | 100.00 | 104.00 | NOTE |
Version: 0.3
Check: LazyData
Result: NOTE
'LazyData' is specified without a 'data' directory
Flavors: r-oldrel-macos-arm64, r-oldrel-macos-x86_64, r-oldrel-windows-x86_64