Last updated on 2024-05-02 04:00:24 CEST.
Flavor | Version | Tinstall | Tcheck | Ttotal | Status | Flags |
---|---|---|---|---|---|---|
r-devel-linux-x86_64-debian-clang | 1.0.8 | 6.72 | 88.82 | 95.54 | NOTE | |
r-devel-linux-x86_64-debian-gcc | 1.0.8 | 6.20 | 66.83 | 73.03 | NOTE | |
r-devel-linux-x86_64-fedora-clang | 1.0.8 | 117.82 | NOTE | |||
r-devel-linux-x86_64-fedora-gcc | 1.0.8 | 132.67 | NOTE | |||
r-devel-windows-x86_64 | 1.0.8 | 8.00 | 81.00 | 89.00 | NOTE | |
r-patched-linux-x86_64 | 1.0.8 | 6.63 | 85.85 | 92.48 | NOTE | |
r-release-linux-x86_64 | 1.0.8 | 7.96 | 83.42 | 91.38 | NOTE | |
r-release-macos-arm64 | 1.0.8 | 41.00 | NOTE | |||
r-release-windows-x86_64 | 1.0.8 | 10.00 | 80.00 | 90.00 | NOTE | |
r-oldrel-macos-arm64 | 1.0.8 | 43.00 | OK | |||
r-oldrel-macos-x86_64 | 1.0.8 | 73.00 | OK | |||
r-oldrel-windows-x86_64 | 1.0.8 | 10.00 | 92.00 | 102.00 | OK |
Version: 1.0.8
Check: Rd files
Result: NOTE
checkRd: (-1) mcvis.Rd:32: Lost braces in \itemize; \value handles \item{}{} directly
checkRd: (-1) mcvis.Rd:33: Lost braces in \itemize; \value handles \item{}{} directly
checkRd: (-1) mcvis.Rd:34: Lost braces in \itemize; \value handles \item{}{} directly
Flavors: r-devel-linux-x86_64-debian-clang, r-devel-linux-x86_64-debian-gcc, r-devel-linux-x86_64-fedora-clang, r-devel-linux-x86_64-fedora-gcc, r-devel-windows-x86_64, r-patched-linux-x86_64, r-release-linux-x86_64, r-release-macos-arm64, r-release-windows-x86_64