Last updated on 2025-07-26 05:48:41 CEST.
Flavor | Version | Tinstall | Tcheck | Ttotal | Status | Flags |
---|---|---|---|---|---|---|
r-devel-linux-x86_64-debian-clang | 0.4.4 | 15.46 | 118.35 | 133.81 | OK | |
r-devel-linux-x86_64-debian-gcc | 0.4.4 | 11.58 | 88.65 | 100.23 | OK | |
r-devel-linux-x86_64-fedora-clang | 0.4.4 | 221.60 | OK | |||
r-devel-linux-x86_64-fedora-gcc | 0.4.4 | 223.14 | OK | |||
r-devel-windows-x86_64 | 0.4.3 | 16.00 | 130.00 | 146.00 | NOTE | |
r-patched-linux-x86_64 | 0.4.3 | 14.25 | 112.93 | 127.18 | NOTE | |
r-release-linux-x86_64 | 0.4.3 | 12.23 | 112.71 | 124.94 | NOTE | |
r-release-macos-arm64 | 0.4.3 | 79.00 | OK | |||
r-release-macos-x86_64 | 0.4.4 | 121.00 | OK | |||
r-release-windows-x86_64 | 0.4.4 | 15.00 | 121.00 | 136.00 | OK | |
r-oldrel-macos-arm64 | 0.4.3 | 70.00 | OK | |||
r-oldrel-macos-x86_64 | 0.4.4 | 125.00 | OK | |||
r-oldrel-windows-x86_64 | 0.4.4 | 20.00 | 149.00 | 169.00 | OK |
Version: 0.4.3
Check: Rd cross-references
Result: NOTE
Found the following Rd file(s) with Rd \link{} targets missing package
anchors:
AuditorFitter.Rd: data.table
CVLearnerAuditorFitter.Rd: data.table
LearnerAuditorFitter.Rd: data.table
MCBoost.Rd: data.table
SubgroupAuditorFitter.Rd: data.table
SubpopAuditorFitter.Rd: data.table
mlr_pipeops_mcboost.Rd: R6Class, data.table, PipeOp, Learner
ppl_mcboost.Rd: Graph
Please provide package anchors for all Rd \link{} targets not in the
package itself and the base packages.
Flavors: r-devel-windows-x86_64, r-patched-linux-x86_64, r-release-linux-x86_64