Last updated on 2024-05-02 04:00:24 CEST.
Flavor | Version | Tinstall | Tcheck | Ttotal | Status | Flags |
---|---|---|---|---|---|---|
r-devel-linux-x86_64-debian-clang | 1.1.9 | 302.58 | 106.87 | 409.45 | OK | |
r-devel-linux-x86_64-debian-gcc | 1.1.9 | 229.70 | 74.49 | 304.19 | OK | |
r-devel-linux-x86_64-fedora-clang | 1.1.9 | 581.46 | OK | |||
r-devel-linux-x86_64-fedora-gcc | 1.1.9 | 577.06 | OK | |||
r-devel-windows-x86_64 | 1.1.9 | 223.00 | 162.00 | 385.00 | OK | |
r-patched-linux-x86_64 | 1.1.9 | 282.38 | 101.61 | 383.99 | OK | |
r-release-linux-x86_64 | 1.1.9 | 282.41 | 97.14 | 379.55 | OK | |
r-release-macos-arm64 | 1.1.9 | 97.00 | NOTE | |||
r-release-windows-x86_64 | 1.1.9 | 224.00 | 161.00 | 385.00 | OK | |
r-oldrel-macos-arm64 | 1.1.9 | 107.00 | NOTE | |||
r-oldrel-macos-x86_64 | 1.1.9 | 140.00 | NOTE | |||
r-oldrel-windows-x86_64 | 1.1.9 | 271.00 | 190.00 | 461.00 | OK |
Version: 1.1.9
Check: installed package size
Result: NOTE
installed size is 14.1Mb
sub-directories of 1Mb or more:
libs 13.2Mb
Flavors: r-release-macos-arm64, r-oldrel-macos-arm64, r-oldrel-macos-x86_64