Last updated on 2025-02-06 05:49:13 CET.
Flavor | Version | Tinstall | Tcheck | Ttotal | Status | Flags |
---|---|---|---|---|---|---|
r-devel-linux-x86_64-debian-clang | 0.1.5 | 1.67 | 16.98 | 18.65 | NOTE | |
r-devel-linux-x86_64-debian-gcc | 0.1.5 | 1.32 | 13.80 | 15.12 | NOTE | |
r-devel-linux-x86_64-fedora-clang | 0.1.5 | 30.74 | NOTE | |||
r-devel-linux-x86_64-fedora-gcc | 0.1.5 | 28.09 | NOTE | |||
r-devel-windows-x86_64 | 0.1.5 | 3.00 | 40.00 | 43.00 | NOTE | |
r-patched-linux-x86_64 | 0.1.5 | 1.76 | 16.19 | 17.95 | NOTE | |
r-release-linux-x86_64 | 0.1.5 | 1.64 | 16.15 | 17.79 | NOTE | |
r-release-macos-arm64 | 0.1.5 | 15.00 | NOTE | |||
r-release-macos-x86_64 | 0.1.5 | 21.00 | NOTE | |||
r-release-windows-x86_64 | 0.1.5 | 3.00 | 40.00 | 43.00 | NOTE | |
r-oldrel-macos-arm64 | 0.1.5 | 15.00 | OK | |||
r-oldrel-macos-x86_64 | 0.1.5 | 18.00 | OK | |||
r-oldrel-windows-x86_64 | 0.1.5 | 3.00 | 41.00 | 44.00 | OK |
Version: 0.1.5
Check: Rd files
Result: NOTE
checkRd: (-1) create_terminal_dir.Rd:11: Lost braces; missing escapes or markup?
11 | the following child folders: {repo_base}/bin/ and {repo_base}/src/. A
| ^
checkRd: (-1) create_terminal_dir.Rd:11: Lost braces; missing escapes or markup?
11 | the following child folders: {repo_base}/bin/ and {repo_base}/src/. A
| ^
checkRd: (-1) full_repo_dir.Rd:11: Lost braces; missing escapes or markup?
11 | the following child folders: {repo_base}/bin/ and {repo_base}/src/. A
| ^
checkRd: (-1) full_repo_dir.Rd:11: Lost braces; missing escapes or markup?
11 | the following child folders: {repo_base}/bin/ and {repo_base}/src/. A
| ^
Flavors: r-devel-linux-x86_64-debian-clang, r-devel-linux-x86_64-debian-gcc, r-devel-linux-x86_64-fedora-clang, r-devel-linux-x86_64-fedora-gcc, r-devel-windows-x86_64, r-patched-linux-x86_64, r-release-linux-x86_64, r-release-macos-arm64, r-release-macos-x86_64, r-release-windows-x86_64