CRAN Package Check Results for Package lwc2022

Last updated on 2025-05-16 05:49:11 CEST.

Flavor Version Tinstall Tcheck Ttotal Status Flags
r-devel-linux-x86_64-debian-clang 1.0.0 3.33 34.97 38.30 NOTE
r-devel-linux-x86_64-debian-gcc 1.0.0 2.53 26.26 28.79 NOTE
r-devel-linux-x86_64-fedora-clang 1.0.0 62.91 NOTE
r-devel-linux-x86_64-fedora-gcc 1.0.0 78.47 NOTE
r-devel-windows-x86_64 1.0.0 6.00 59.00 65.00 NOTE
r-patched-linux-x86_64 1.0.0 3.73 33.07 36.80 NOTE
r-release-linux-x86_64 1.0.0 2.96 33.22 36.18 NOTE
r-release-macos-arm64 1.0.0 50.00 NOTE
r-release-macos-x86_64 1.0.0 53.00 NOTE
r-release-windows-x86_64 1.0.0 5.00 60.00 65.00 NOTE
r-oldrel-macos-arm64 1.0.0 36.00 OK
r-oldrel-macos-x86_64 1.0.0 59.00 OK
r-oldrel-windows-x86_64 1.0.0 6.00 62.00 68.00 OK

Check Details

Version: 1.0.0
Check: DESCRIPTION meta-information
Result: NOTE Missing dependency on R >= 4.1.0 because package code uses the pipe |> or function shorthand \(...) syntax added in R 4.1.0. File(s) using such syntax: ‘classify.R’ ‘extract.R’ ‘score.R’ Flavors: r-devel-linux-x86_64-debian-clang, r-devel-linux-x86_64-debian-gcc, r-devel-linux-x86_64-fedora-clang, r-devel-linux-x86_64-fedora-gcc, r-devel-windows-x86_64, r-patched-linux-x86_64, r-release-linux-x86_64, r-release-macos-arm64, r-release-macos-x86_64, r-release-windows-x86_64