Last updated on 2024-05-02 04:00:24 CEST.
Flavor | Version | Tinstall | Tcheck | Ttotal | Status | Flags |
---|---|---|---|---|---|---|
r-devel-linux-x86_64-debian-clang | 0.1.0 | 103.52 | 170.66 | 274.18 | NOTE | |
r-devel-linux-x86_64-debian-gcc | 0.1.0 | 70.49 | 133.81 | 204.30 | NOTE | |
r-devel-linux-x86_64-fedora-clang | 0.1.0 | 362.83 | NOTE | |||
r-devel-linux-x86_64-fedora-gcc | 0.1.0 | 372.69 | NOTE | |||
r-devel-windows-x86_64 | 0.1.0 | 73.00 | 188.00 | 261.00 | NOTE | |
r-patched-linux-x86_64 | 0.1.0 | 92.07 | 169.56 | 261.63 | NOTE | |
r-release-linux-x86_64 | 0.1.0 | 86.02 | 167.75 | 253.77 | NOTE | |
r-release-macos-arm64 | 0.1.0 | 104.00 | NOTE | |||
r-release-windows-x86_64 | 0.1.0 | 73.00 | 181.00 | 254.00 | NOTE | |
r-oldrel-macos-arm64 | 0.1.0 | 113.00 | NOTE | |||
r-oldrel-macos-x86_64 | 0.1.0 | 189.00 | NOTE | |||
r-oldrel-windows-x86_64 | 0.1.0 | 87.00 | 208.00 | 295.00 | NOTE |
Version: 0.1.0
Check: C++ specification
Result: NOTE
Specified C++11: please drop specification unless essential
Flavors: r-devel-linux-x86_64-debian-clang, r-devel-linux-x86_64-debian-gcc, r-devel-linux-x86_64-fedora-clang, r-devel-linux-x86_64-fedora-gcc, r-devel-windows-x86_64, r-patched-linux-x86_64, r-release-linux-x86_64, r-release-macos-arm64, r-release-windows-x86_64, r-oldrel-macos-arm64, r-oldrel-macos-x86_64, r-oldrel-windows-x86_64