Last updated on 2024-05-02 04:00:24 CEST.
Flavor | Version | Tinstall | Tcheck | Ttotal | Status | Flags |
---|---|---|---|---|---|---|
r-devel-linux-x86_64-debian-clang | 1.1 | 45.29 | 100.63 | 145.92 | NOTE | |
r-devel-linux-x86_64-debian-gcc | 1.1 | 35.56 | 74.93 | 110.49 | NOTE | |
r-devel-linux-x86_64-fedora-clang | 1.1 | 200.09 | NOTE | |||
r-devel-linux-x86_64-fedora-gcc | 1.1 | 189.34 | NOTE | |||
r-devel-windows-x86_64 | 1.1 | 38.00 | 110.00 | 148.00 | NOTE | |
r-patched-linux-x86_64 | 1.1 | 48.09 | 98.96 | 147.05 | NOTE | |
r-release-linux-x86_64 | 1.1 | 41.85 | 97.28 | 139.13 | NOTE | |
r-release-macos-arm64 | 1.1 | 49.00 | NOTE | |||
r-release-windows-x86_64 | 1.1 | 39.00 | 109.00 | 148.00 | NOTE | |
r-oldrel-macos-arm64 | 1.1 | 57.00 | OK | |||
r-oldrel-macos-x86_64 | 1.1 | 87.00 | OK | |||
r-oldrel-windows-x86_64 | 1.1 | 49.00 | 132.00 | 181.00 | OK |
Version: 1.1
Check: Rd files
Result: NOTE
checkRd: (-1) plot.int.lsbclust.Rd:112: Lost braces
112 | \code{"rows"} and code{"columns"}.}
| ^
Flavors: r-devel-linux-x86_64-debian-clang, r-devel-linux-x86_64-debian-gcc, r-devel-linux-x86_64-fedora-clang, r-devel-linux-x86_64-fedora-gcc, r-devel-windows-x86_64, r-patched-linux-x86_64, r-release-linux-x86_64, r-release-macos-arm64, r-release-windows-x86_64