Last updated on 2025-02-06 05:49:13 CET.
Flavor | Version | Tinstall | Tcheck | Ttotal | Status | Flags |
---|---|---|---|---|---|---|
r-devel-linux-x86_64-debian-clang | 0.4.4 | 2.82 | 36.99 | 39.81 | OK | |
r-devel-linux-x86_64-debian-gcc | 0.4.4 | 2.42 | 29.12 | 31.54 | OK | |
r-devel-linux-x86_64-fedora-clang | 0.4.4 | 66.35 | OK | |||
r-devel-linux-x86_64-fedora-gcc | 0.4.4 | 84.04 | OK | |||
r-devel-windows-x86_64 | 0.4.4 | 7.00 | 71.00 | 78.00 | OK | |
r-patched-linux-x86_64 | 0.4.4 | 2.85 | 35.44 | 38.29 | OK | |
r-release-linux-x86_64 | 0.4.4 | 2.35 | 35.60 | 37.95 | OK | |
r-release-macos-arm64 | 0.4.4 | 42.00 | OK | |||
r-release-macos-x86_64 | 0.4.4 | 108.00 | OK | |||
r-release-windows-x86_64 | 0.4.4 | 7.00 | 71.00 | 78.00 | NOTE | |
r-oldrel-macos-arm64 | 0.4.4 | 70.00 | OK | |||
r-oldrel-macos-x86_64 | 0.4.4 | 105.00 | OK | |||
r-oldrel-windows-x86_64 | 0.4.4 | 7.00 | 73.00 | 80.00 | NOTE |
Version: 0.4.4
Check: package dependencies
Result: NOTE
Package suggested but not available for checking: 'rsyslog'
Flavors: r-release-windows-x86_64, r-oldrel-windows-x86_64