Last updated on 2024-05-02 04:00:24 CEST.
Flavor | Version | Tinstall | Tcheck | Ttotal | Status | Flags |
---|---|---|---|---|---|---|
r-devel-linux-x86_64-debian-clang | 1.1.1 | 4.63 | 27.88 | 32.51 | OK | |
r-devel-linux-x86_64-debian-gcc | 1.1.1 | 3.54 | 22.24 | 25.78 | OK | |
r-devel-linux-x86_64-fedora-clang | 1.1.1 | 41.93 | NOTE | |||
r-devel-linux-x86_64-fedora-gcc | 1.1.1 | 39.67 | NOTE | |||
r-devel-windows-x86_64 | 1.1.1 | 6.00 | 45.00 | 51.00 | OK | |
r-patched-linux-x86_64 | 1.1.1 | 4.79 | 27.19 | 31.98 | OK | |
r-release-linux-x86_64 | 1.1.1 | 4.61 | 28.10 | 32.71 | OK | |
r-release-macos-arm64 | 1.1.1 | 17.00 | OK | |||
r-release-windows-x86_64 | 1.1.1 | 5.00 | 46.00 | 51.00 | OK | |
r-oldrel-macos-arm64 | 1.1.1 | 19.00 | OK | |||
r-oldrel-macos-x86_64 | 1.1.1 | 24.00 | OK | |||
r-oldrel-windows-x86_64 | 1.1.1 | 5.00 | 45.00 | 50.00 | OK |
Version: 1.1.1
Check: dependencies in R code
Result: NOTE
Namespace in Imports field not imported from: ‘R6’
All declared Imports should be used.
Flavors: r-devel-linux-x86_64-fedora-clang, r-devel-linux-x86_64-fedora-gcc