CRAN Package Check Results for Package localICE

Last updated on 2025-07-16 06:51:43 CEST.

Flavor Version Tinstall Tcheck Ttotal Status Flags
r-devel-linux-x86_64-debian-clang 0.1.1 5.10 49.97 55.07 NOTE
r-devel-linux-x86_64-debian-gcc 0.1.1 3.21 36.56 39.77 NOTE
r-devel-linux-x86_64-fedora-clang 0.1.1 82.79 NOTE
r-devel-linux-x86_64-fedora-gcc 0.1.1 77.95 NOTE
r-devel-windows-x86_64 0.1.1 6.00 62.00 68.00 OK
r-patched-linux-x86_64 0.1.1 4.81 45.35 50.16 OK
r-release-linux-x86_64 0.1.1 4.17 45.03 49.20 OK
r-release-macos-arm64 0.1.1 31.00 OK
r-release-macos-x86_64 0.1.1 42.00 OK
r-release-windows-x86_64 0.1.1 7.00 68.00 75.00 OK
r-oldrel-macos-arm64 0.1.1 25.00 NOTE
r-oldrel-macos-x86_64 0.1.1 40.00 NOTE
r-oldrel-windows-x86_64 0.1.1 8.00 73.00 81.00 NOTE

Check Details

Version: 0.1.1
Check: CRAN incoming feasibility
Result: NOTE Maintainer: ‘Martin Walter <mf-walter@web.de>’ The Description field contains Pitkin (2013) <arXiv:1309.6392>. Please refer to arXiv e-prints via their arXiv DOI <doi:10.48550/arXiv.YYMM.NNNNN>. Flavors: r-devel-linux-x86_64-debian-clang, r-devel-linux-x86_64-debian-gcc

Version: 0.1.1
Check: dependencies in R code
Result: NOTE Namespace in Imports field not imported from: ‘checkmate’ All declared Imports should be used. Flavors: r-devel-linux-x86_64-fedora-clang, r-devel-linux-x86_64-fedora-gcc

Version: 0.1.1
Check: LazyData
Result: NOTE 'LazyData' is specified without a 'data' directory Flavors: r-oldrel-macos-arm64, r-oldrel-macos-x86_64, r-oldrel-windows-x86_64