CRAN Package Check Results for Package lmds

Last updated on 2025-05-09 04:52:01 CEST.

Flavor Version Tinstall Tcheck Ttotal Status Flags
r-devel-linux-x86_64-debian-clang 0.1.0 8.59 76.29 84.88 NOTE
r-devel-linux-x86_64-debian-gcc 0.1.0 6.01 56.64 62.65 NOTE
r-devel-linux-x86_64-fedora-clang 0.1.0 143.19 NOTE
r-devel-linux-x86_64-fedora-gcc 0.1.0 123.56 NOTE
r-devel-windows-x86_64 0.1.0 10.00 82.00 92.00 OK
r-patched-linux-x86_64 0.1.0 8.41 71.09 79.50 OK
r-release-linux-x86_64 0.1.0 8.92 71.42 80.34 OK
r-release-macos-arm64 0.1.0 55.00 OK
r-release-macos-x86_64 0.1.0 73.00 OK
r-release-windows-x86_64 0.1.0 10.00 87.00 97.00 OK
r-oldrel-macos-arm64 0.1.0 40.00 NOTE
r-oldrel-macos-x86_64 0.1.0 66.00 NOTE
r-oldrel-windows-x86_64 0.1.0 13.00 101.00 114.00 NOTE

Check Details

Version: 0.1.0
Check: DESCRIPTION meta-information
Result: NOTE Author field differs from that derived from Authors@R Author: ‘Robrecht Cannoodt [aut, cre] (<https://orcid.org/0000-0003-3641-729X>, rcannood), Wouter Saelens [aut] (<https://orcid.org/0000-0002-7114-6248>, zouter)’ Authors@R: ‘Robrecht Cannoodt [aut, cre] (ORCID: <https://orcid.org/0000-0003-3641-729X>, github: rcannood), Wouter Saelens [aut] (ORCID: <https://orcid.org/0000-0002-7114-6248>, github: zouter)’ Flavors: r-devel-linux-x86_64-debian-clang, r-devel-linux-x86_64-debian-gcc

Version: 0.1.0
Check: dependencies in R code
Result: NOTE Namespace in Imports field not imported from: ‘Matrix’ All declared Imports should be used. Flavors: r-devel-linux-x86_64-fedora-clang, r-devel-linux-x86_64-fedora-gcc

Version: 0.1.0
Check: LazyData
Result: NOTE 'LazyData' is specified without a 'data' directory Flavors: r-oldrel-macos-arm64, r-oldrel-macos-x86_64, r-oldrel-windows-x86_64