Last updated on 2025-07-04 05:49:26 CEST.
Flavor | Version | Tinstall | Tcheck | Ttotal | Status | Flags |
---|---|---|---|---|---|---|
r-devel-linux-x86_64-debian-clang | 1.5.13 | 11.50 | 147.59 | 159.09 | OK | |
r-devel-linux-x86_64-debian-gcc | 1.5.13 | 8.74 | 102.01 | 110.75 | OK | |
r-devel-linux-x86_64-fedora-clang | 1.5.13 | 244.29 | NOTE | |||
r-devel-linux-x86_64-fedora-gcc | 1.5.13 | 241.73 | NOTE | |||
r-devel-windows-x86_64 | 1.5.13 | 12.00 | 144.00 | 156.00 | OK | |
r-patched-linux-x86_64 | 1.5.13 | 11.60 | 138.98 | 150.58 | OK | |
r-release-linux-x86_64 | 1.5.13 | 11.48 | 138.77 | 150.25 | OK | |
r-release-macos-arm64 | 1.5.13 | 70.00 | OK | |||
r-release-macos-x86_64 | 1.5.13 | 130.00 | OK | |||
r-release-windows-x86_64 | 1.5.13 | 14.00 | 146.00 | 160.00 | OK | |
r-oldrel-macos-arm64 | 1.5.13 | 74.00 | OK | |||
r-oldrel-macos-x86_64 | 1.5.13 | 103.00 | OK | |||
r-oldrel-windows-x86_64 | 1.5.13 | 18.00 | 187.00 | 205.00 | OK |
Version: 1.5.13
Check: dependencies in R code
Result: NOTE
Namespace in Imports field not imported from: ‘e1071’
All declared Imports should be used.
Flavors: r-devel-linux-x86_64-fedora-clang, r-devel-linux-x86_64-fedora-gcc