Last updated on 2025-05-16 05:49:11 CEST.
Flavor | Version | Tinstall | Tcheck | Ttotal | Status | Flags |
---|---|---|---|---|---|---|
r-devel-linux-x86_64-debian-clang | 1.1.20 | 7.03 | 76.52 | 83.55 | NOTE | |
r-devel-linux-x86_64-debian-gcc | 1.1.20 | 4.86 | 58.00 | 62.86 | NOTE | |
r-devel-linux-x86_64-fedora-clang | 1.1.20 | 133.08 | NOTE | |||
r-devel-linux-x86_64-fedora-gcc | 1.1.20 | 141.37 | NOTE | |||
r-devel-windows-x86_64 | 1.1.20 | 10.00 | 116.00 | 126.00 | NOTE | |
r-patched-linux-x86_64 | 1.1.20 | 8.44 | 73.09 | 81.53 | NOTE | |
r-release-linux-x86_64 | 1.1.20 | 6.59 | 73.04 | 79.63 | NOTE | |
r-release-macos-arm64 | 1.1.20 | 67.00 | NOTE | |||
r-release-macos-x86_64 | 1.1.20 | 105.00 | NOTE | |||
r-release-windows-x86_64 | 1.1.20 | 10.00 | 116.00 | 126.00 | NOTE | |
r-oldrel-macos-arm64 | 1.1.20 | 55.00 | OK | |||
r-oldrel-macos-x86_64 | 1.1.20 | 89.00 | OK | |||
r-oldrel-windows-x86_64 | 1.1.20 | 11.00 | 135.00 | 146.00 | OK |
Version: 1.1.20
Check: DESCRIPTION meta-information
Result: NOTE
Missing dependency on R >= 4.1.0 because package code uses the pipe
|> or function shorthand \(...) syntax added in R 4.1.0.
File(s) using such syntax:
‘map.feature.R’
Flavors: r-devel-linux-x86_64-debian-clang, r-devel-linux-x86_64-debian-gcc, r-devel-linux-x86_64-fedora-clang, r-devel-linux-x86_64-fedora-gcc, r-devel-windows-x86_64, r-patched-linux-x86_64, r-release-linux-x86_64, r-release-macos-arm64, r-release-macos-x86_64, r-release-windows-x86_64