Last updated on 2025-02-20 04:51:16 CET.
Flavor | Version | Tinstall | Tcheck | Ttotal | Status | Flags |
---|---|---|---|---|---|---|
r-devel-linux-x86_64-debian-clang | 2.1.1 | 51.90 | 337.43 | 389.33 | OK | |
r-devel-linux-x86_64-debian-gcc | 2.1.1 | 0.39 | 1.74 | 2.13 | ERROR | |
r-devel-linux-x86_64-fedora-clang | 2.1.1 | 602.45 | OK | |||
r-devel-linux-x86_64-fedora-gcc | 2.1.1 | 589.71 | OK | |||
r-devel-macos-arm64 | 2.1.1 | 5.00 | ERROR | |||
r-devel-macos-x86_64 | 2.1.1 | 6.00 | ERROR | |||
r-devel-windows-x86_64 | 2.1.1 | 51.00 | 286.00 | 337.00 | OK | |
r-patched-linux-x86_64 | 2.1.1 | 45.80 | 311.11 | 356.91 | OK | |
r-release-linux-x86_64 | 2.1.1 | 46.29 | 309.89 | 356.18 | OK | |
r-release-macos-arm64 | 2.1.1 | 161.00 | OK | |||
r-release-macos-x86_64 | 2.1.1 | 227.00 | OK | |||
r-release-windows-x86_64 | 2.1.1 | 50.00 | 275.00 | 325.00 | OK | |
r-oldrel-macos-arm64 | 2.1.1 | 177.00 | OK | |||
r-oldrel-macos-x86_64 | 2.1.1 | 167.00 | OK | |||
r-oldrel-windows-x86_64 | 2.1.1 | 61.00 | 350.00 | 411.00 | OK |
Version: 2.1.1
Check: package dependencies
Result: ERROR
Package required but not available: ‘pathview’
See section ‘The DESCRIPTION file’ in the ‘Writing R Extensions’
manual.
Flavors: r-devel-linux-x86_64-debian-gcc, r-devel-macos-arm64, r-devel-macos-x86_64