Last updated on 2025-06-30 05:48:29 CEST.
Flavor | Version | Tinstall | Tcheck | Ttotal | Status | Flags |
---|---|---|---|---|---|---|
r-devel-linux-x86_64-debian-clang | 4.6.0 | 442.69 | 140.92 | 583.61 | OK | |
r-devel-linux-x86_64-debian-gcc | 4.6.0 | 376.20 | 100.85 | 477.05 | OK | |
r-devel-linux-x86_64-fedora-clang | 4.6.0 | 1135.89 | OK | |||
r-devel-linux-x86_64-fedora-gcc | 4.6.0 | 1246.69 | OK | |||
r-devel-windows-x86_64 | 4.6.0 | 538.00 | 193.00 | 731.00 | OK | |
r-patched-linux-x86_64 | OK | |||||
r-release-linux-x86_64 | 4.6.0 | 518.26 | 186.93 | 705.19 | OK | |
r-release-macos-arm64 | 4.6.0 | 349.00 | OK | |||
r-release-macos-x86_64 | 4.6.0 | 410.00 | OK | |||
r-release-windows-x86_64 | 4.6.0 | 534.00 | 187.00 | 721.00 | OK | |
r-oldrel-macos-arm64 | 4.6.0 | 321.00 | NOTE | |||
r-oldrel-macos-x86_64 | 4.6.0 | 340.00 | NOTE | |||
r-oldrel-windows-x86_64 | 4.6.0 | 655.00 | 229.00 | 884.00 | NOTE |
Version: 4.6.0
Check: installed package size
Result: NOTE
installed size is 68.8Mb
sub-directories of 1Mb or more:
libs 68.2Mb
Flavors: r-oldrel-macos-arm64, r-oldrel-macos-x86_64, r-oldrel-windows-x86_64