Last updated on 2025-06-30 05:48:29 CEST.
Flavor | Version | Tinstall | Tcheck | Ttotal | Status | Flags |
---|---|---|---|---|---|---|
r-devel-linux-x86_64-debian-clang | 4.2.1 | 136.77 | 546.58 | 683.35 | OK | |
r-devel-linux-x86_64-debian-gcc | 4.2.1 | 95.15 | 319.67 | 414.82 | OK | |
r-devel-linux-x86_64-fedora-clang | 4.2.1 | 1126.53 | OK | |||
r-devel-linux-x86_64-fedora-gcc | 4.2.1 | 1138.92 | OK | |||
r-devel-windows-x86_64 | 4.2.1 | 148.00 | 491.00 | 639.00 | OK | |
r-patched-linux-x86_64 | OK | |||||
r-release-linux-x86_64 | 4.2.1 | 135.66 | 512.14 | 647.80 | OK | |
r-release-macos-arm64 | 4.2.1 | 257.00 | OK | |||
r-release-macos-x86_64 | 4.2.1 | 761.00 | OK | |||
r-release-windows-x86_64 | 4.2.1 | 148.00 | 485.00 | 633.00 | OK | |
r-oldrel-macos-arm64 | 4.2.1 | 279.00 | NOTE | |||
r-oldrel-macos-x86_64 | 4.2.1 | 815.00 | NOTE | |||
r-oldrel-windows-x86_64 | 4.2.1 | 181.00 | 664.00 | 845.00 | NOTE |
Version: 4.2.1
Check: installed package size
Result: NOTE
installed size is 13.7Mb
sub-directories of 1Mb or more:
R 1.1Mb
doc 1.0Mb
extdata 1.2Mb
libs 9.9Mb
Flavors: r-oldrel-macos-arm64, r-oldrel-macos-x86_64, r-oldrel-windows-x86_64