CRAN Package Check Results for Package lg

Last updated on 2025-07-11 05:49:24 CEST.

Flavor Version Tinstall Tcheck Ttotal Status Flags
r-devel-linux-x86_64-debian-clang 0.4.1 4.30 43.42 47.72 OK
r-devel-linux-x86_64-debian-gcc 0.4.1 2.74 30.49 33.23 OK
r-devel-linux-x86_64-fedora-clang 0.4.1 72.31 OK
r-devel-linux-x86_64-fedora-gcc 0.4.1 67.37 OK
r-devel-windows-x86_64 0.4.1 7.00 65.00 72.00 OK
r-patched-linux-x86_64 0.4.1 4.42 38.96 43.38 OK
r-release-linux-x86_64 0.4.1 3.90 39.04 42.94 OK
r-release-macos-arm64 0.4.1 23.00 OK
r-release-macos-x86_64 0.4.1 37.00 OK
r-release-windows-x86_64 0.4.1 7.00 63.00 70.00 OK
r-oldrel-macos-arm64 0.4.1 23.00 NOTE
r-oldrel-macos-x86_64 0.4.1 37.00 NOTE
r-oldrel-windows-x86_64 0.4.1 10.00 71.00 81.00 NOTE

Check Details

Version: 0.4.1
Check: LazyData
Result: NOTE 'LazyData' is specified without a 'data' directory Flavors: r-oldrel-macos-arm64, r-oldrel-macos-x86_64, r-oldrel-windows-x86_64