Last updated on 2025-07-26 05:48:40 CEST.
Flavor | Version | Tinstall | Tcheck | Ttotal | Status | Flags |
---|---|---|---|---|---|---|
r-devel-linux-x86_64-debian-clang | 1.2.1 | 2.53 | 30.72 | 33.25 | NOTE | |
r-devel-linux-x86_64-debian-gcc | 1.2.1 | 2.26 | 23.79 | 26.05 | NOTE | |
r-devel-linux-x86_64-fedora-clang | 1.2.1 | 50.81 | NOTE | |||
r-devel-linux-x86_64-fedora-gcc | 1.2.1 | 49.48 | NOTE | |||
r-devel-windows-x86_64 | 1.2.1 | 8.00 | 56.00 | 64.00 | NOTE | |
r-patched-linux-x86_64 | 1.2.1 | 2.95 | 27.94 | 30.89 | NOTE | |
r-release-linux-x86_64 | 1.2.1 | 2.88 | 28.09 | 30.97 | NOTE | |
r-release-macos-arm64 | 1.2.1 | 20.00 | NOTE | |||
r-release-macos-x86_64 | 1.2.1 | 33.00 | NOTE | |||
r-release-windows-x86_64 | 1.2.1 | 8.00 | 52.00 | 60.00 | NOTE | |
r-oldrel-macos-arm64 | 1.2.1 | 20.00 | OK | |||
r-oldrel-macos-x86_64 | 1.2.1 | 29.00 | OK | |||
r-oldrel-windows-x86_64 | 1.2.1 | 9.00 | 58.00 | 67.00 | OK |
Version: 1.2.1
Check: DESCRIPTION meta-information
Result: NOTE
Missing dependency on R >= 4.1.0 because package code uses the pipe
|> or function shorthand \(...) syntax added in R 4.1.0.
File(s) using such syntax:
‘legendSymbols.Rd’
Flavors: r-devel-linux-x86_64-debian-clang, r-devel-linux-x86_64-debian-gcc, r-devel-linux-x86_64-fedora-clang, r-devel-linux-x86_64-fedora-gcc, r-devel-windows-x86_64, r-patched-linux-x86_64, r-release-linux-x86_64, r-release-macos-arm64, r-release-macos-x86_64, r-release-windows-x86_64