Last updated on 2025-05-09 04:52:00 CEST.
Flavor | Version | Tinstall | Tcheck | Ttotal | Status | Flags |
---|---|---|---|---|---|---|
r-devel-linux-x86_64-debian-clang | 0.5.4 | 5.42 | 54.31 | 59.73 | NOTE | |
r-devel-linux-x86_64-debian-gcc | 0.5.4 | 3.76 | 41.16 | 44.92 | NOTE | |
r-devel-linux-x86_64-fedora-clang | 0.5.4 | 87.55 | OK | |||
r-devel-linux-x86_64-fedora-gcc | 0.5.4 | 85.39 | OK | |||
r-devel-windows-x86_64 | 0.5.4 | 8.00 | 81.00 | 89.00 | OK | |
r-patched-linux-x86_64 | 0.5.4 | 6.07 | 50.84 | 56.91 | OK | |
r-release-linux-x86_64 | 0.5.4 | 4.09 | 50.59 | 54.68 | OK | |
r-release-macos-arm64 | 0.5.4 | 34.00 | OK | |||
r-release-macos-x86_64 | 0.5.4 | 53.00 | OK | |||
r-release-windows-x86_64 | 0.5.4 | 9.00 | 86.00 | 95.00 | OK | |
r-oldrel-macos-arm64 | 0.5.4 | 31.00 | OK | |||
r-oldrel-macos-x86_64 | 0.5.4 | 64.00 | OK | |||
r-oldrel-windows-x86_64 | 0.5.4 | 9.00 | 96.00 | 105.00 | OK |
Version: 0.5.4
Check: CRAN incoming feasibility
Result: NOTE
Maintainer: ‘Vladimir Zhbanko <vladimir.zhbanko@gmail.com>’
No Authors@R field in DESCRIPTION.
Please add one, modifying
Authors@R: person(given = "Vladimir",
family = "Zhbanko",
role = c("aut", "cre"),
email = "vladimir.zhbanko@gmail.com")
as necessary.
Flavors: r-devel-linux-x86_64-debian-clang, r-devel-linux-x86_64-debian-gcc