Last updated on 2025-07-16 06:51:43 CEST.
Flavor | Version | Tinstall | Tcheck | Ttotal | Status | Flags |
---|---|---|---|---|---|---|
r-devel-linux-x86_64-debian-clang | 1.1.2 | 9.11 | 85.07 | 94.18 | NOTE | |
r-devel-linux-x86_64-debian-gcc | 1.1.2 | 6.12 | 62.16 | 68.28 | NOTE | |
r-devel-linux-x86_64-fedora-clang | 1.1.2 | 138.22 | NOTE | |||
r-devel-linux-x86_64-fedora-gcc | 1.1.2 | 131.27 | NOTE | |||
r-devel-windows-x86_64 | 1.1.2 | 9.00 | 98.00 | 107.00 | NOTE | |
r-patched-linux-x86_64 | 1.1.2 | 9.10 | 79.49 | 88.59 | NOTE | |
r-release-linux-x86_64 | 1.1.2 | 6.94 | 81.28 | 88.22 | NOTE | |
r-release-macos-arm64 | 1.1.2 | 54.00 | NOTE | |||
r-release-macos-x86_64 | 1.1.2 | 126.00 | NOTE | |||
r-release-windows-x86_64 | 1.1.2 | 10.00 | 110.00 | 120.00 | NOTE | |
r-oldrel-macos-arm64 | 1.1.2 | 42.00 | NOTE | |||
r-oldrel-macos-x86_64 | 1.1.2 | 66.00 | NOTE | |||
r-oldrel-windows-x86_64 | 1.1.2 | 12.00 | 120.00 | 132.00 | NOTE |
Version: 1.1.2
Check: Rd files
Result: NOTE
checkRd: (-1) DOS.Rd:34: Lost braces; missing escapes or markup?
34 | Band-specific sensor $G_{rescale}$ (gain). Require either gain and offset or Grescale and Brescale to convert DN to radiance.
| ^
checkRd: (-1) DOS.Rd:37: Lost braces; missing escapes or markup?
37 | Band-specific sensor $B_{rescale}$ (bias). Require either gain and offset or Grescale and Brescale to convert DN to radiance.
| ^
Flavors: r-devel-linux-x86_64-debian-clang, r-devel-linux-x86_64-debian-gcc, r-devel-linux-x86_64-fedora-clang, r-devel-linux-x86_64-fedora-gcc, r-devel-windows-x86_64, r-patched-linux-x86_64, r-release-linux-x86_64, r-release-macos-arm64, r-release-macos-x86_64, r-release-windows-x86_64, r-oldrel-macos-arm64, r-oldrel-macos-x86_64, r-oldrel-windows-x86_64