Last updated on 2024-05-02 04:00:23 CEST.
Flavor | Version | Tinstall | Tcheck | Ttotal | Status | Flags |
---|---|---|---|---|---|---|
r-devel-linux-x86_64-debian-clang | 0.3.6 | 3.92 | 153.78 | 157.70 | NOTE | |
r-devel-linux-x86_64-debian-gcc | 0.3.6 | 2.78 | 115.73 | 118.51 | NOTE | |
r-devel-linux-x86_64-fedora-clang | 0.3.6 | 191.81 | NOTE | |||
r-devel-linux-x86_64-fedora-gcc | 0.3.6 | 208.88 | NOTE | |||
r-devel-windows-x86_64 | 0.3.6 | 4.00 | 183.00 | 187.00 | NOTE | |
r-patched-linux-x86_64 | 0.3.6 | 5.00 | 153.10 | 158.10 | NOTE | |
r-release-linux-x86_64 | 0.3.6 | 3.49 | 151.19 | 154.68 | NOTE | |
r-release-macos-arm64 | 0.3.6 | 68.00 | NOTE | |||
r-release-windows-x86_64 | 0.3.6 | 5.00 | 177.00 | 182.00 | NOTE | |
r-oldrel-macos-arm64 | 0.3.6 | 71.00 | OK | |||
r-oldrel-macos-x86_64 | 0.3.6 | 115.00 | OK | |||
r-oldrel-windows-x86_64 | 0.3.6 | 5.00 | 208.00 | 213.00 | OK |
Version: 0.3.6
Check: Rd files
Result: NOTE
checkRd: (-1) knockoff.Rd:22-24: Lost braces in \itemize; meant \describe ?
checkRd: (-1) knockoff.Rd:25-27: Lost braces in \itemize; meant \describe ?
Flavors: r-devel-linux-x86_64-debian-clang, r-devel-linux-x86_64-debian-gcc, r-devel-linux-x86_64-fedora-clang, r-devel-linux-x86_64-fedora-gcc, r-devel-windows-x86_64, r-patched-linux-x86_64, r-release-linux-x86_64, r-release-macos-arm64, r-release-windows-x86_64