CRAN Package Check Results for Package kdensity

Last updated on 2025-02-06 05:49:12 CET.

Flavor Version Tinstall Tcheck Ttotal Status Flags
r-devel-linux-x86_64-debian-clang 1.1.0 7.80 71.08 78.88 NOTE
r-devel-linux-x86_64-debian-gcc 1.1.0 5.56 50.37 55.93 NOTE
r-devel-linux-x86_64-fedora-clang 1.1.0 127.69 NOTE
r-devel-linux-x86_64-fedora-gcc 1.1.0 135.07 NOTE
r-devel-windows-x86_64 1.1.0 9.00 83.00 92.00 NOTE
r-patched-linux-x86_64 1.1.0 10.74 65.95 76.69 NOTE
r-release-linux-x86_64 1.1.0 6.33 65.74 72.07 NOTE
r-release-macos-arm64 1.1.0 42.00 NOTE
r-release-macos-x86_64 1.1.0 62.00 NOTE
r-release-windows-x86_64 1.1.0 10.00 80.00 90.00 NOTE
r-oldrel-macos-arm64 1.1.0 44.00 NOTE
r-oldrel-macos-x86_64 1.1.0 67.00 NOTE
r-oldrel-windows-x86_64 1.1.0 10.00 98.00 108.00 NOTE

Check Details

Version: 1.1.0
Check: Rd cross-references
Result: NOTE Found the following Rd file(s) with Rd \link{} targets missing package anchors: parametric_starts.Rd: univariateML Please provide package anchors for all Rd \link{} targets not in the package itself and the base packages. Flavors: r-devel-linux-x86_64-debian-clang, r-devel-linux-x86_64-debian-gcc, r-devel-windows-x86_64

Version: 1.1.0
Check: dependencies in R code
Result: NOTE Namespaces in Imports field not imported from: ‘EQL’ ‘univariateML’ All declared Imports should be used. Flavors: r-devel-linux-x86_64-fedora-clang, r-devel-linux-x86_64-fedora-gcc

Version: 1.1.0
Check: LazyData
Result: NOTE 'LazyData' is specified without a 'data' directory Flavors: r-patched-linux-x86_64, r-release-linux-x86_64, r-release-macos-arm64, r-release-macos-x86_64, r-release-windows-x86_64, r-oldrel-macos-arm64, r-oldrel-macos-x86_64, r-oldrel-windows-x86_64