Last updated on 2024-05-02 04:00:22 CEST.
Flavor | Version | Tinstall | Tcheck | Ttotal | Status | Flags |
---|---|---|---|---|---|---|
r-devel-linux-x86_64-debian-clang | 0.1 | 11.08 | 82.79 | 93.87 | NOTE | |
r-devel-linux-x86_64-debian-gcc | 0.1 | 8.26 | 61.00 | 69.26 | NOTE | |
r-devel-linux-x86_64-fedora-clang | 0.1 | 116.72 | NOTE | |||
r-devel-linux-x86_64-fedora-gcc | 0.1 | 123.06 | NOTE | |||
r-devel-windows-x86_64 | 0.1 | 8.00 | 68.00 | 76.00 | NOTE | |
r-patched-linux-x86_64 | 0.1 | 10.25 | 78.12 | 88.37 | NOTE | |
r-release-linux-x86_64 | 0.1 | 10.01 | 80.43 | 90.44 | NOTE | |
r-release-macos-arm64 | 0.1 | 58.00 | NOTE | |||
r-release-windows-x86_64 | 0.1 | 8.00 | 73.00 | 81.00 | NOTE | |
r-oldrel-macos-arm64 | 0.1 | 38.00 | NOTE | |||
r-oldrel-macos-x86_64 | 0.1 | 65.00 | NOTE | |||
r-oldrel-windows-x86_64 | 0.1 | 10.00 | 70.00 | 80.00 | NOTE |
Version: 0.1
Check: package subdirectories
Result: NOTE
Problems with news in ‘NEWS.md’:
Cannot extract version info from the following section titles:
pre-release juicr (2017 - 2021)
Flavors: r-devel-linux-x86_64-debian-clang, r-devel-linux-x86_64-debian-gcc, r-devel-linux-x86_64-fedora-clang, r-devel-linux-x86_64-fedora-gcc, r-devel-windows-x86_64, r-patched-linux-x86_64, r-release-linux-x86_64, r-release-macos-arm64, r-release-windows-x86_64, r-oldrel-macos-arm64, r-oldrel-macos-x86_64, r-oldrel-windows-x86_64