Last updated on 2025-07-04 05:49:25 CEST.
Flavor | Version | Tinstall | Tcheck | Ttotal | Status | Flags |
---|---|---|---|---|---|---|
r-devel-linux-x86_64-debian-clang | 1.1.5 | 204.86 | 51.79 | 256.65 | OK | |
r-devel-linux-x86_64-debian-gcc | 1.1.5 | 153.90 | 38.50 | 192.40 | OK | |
r-devel-linux-x86_64-fedora-clang | 1.1.5 | 484.23 | OK | |||
r-devel-linux-x86_64-fedora-gcc | 1.1.5 | 449.94 | OK | |||
r-devel-windows-x86_64 | 1.1.5 | 253.00 | 181.00 | 434.00 | OK | |
r-patched-linux-x86_64 | 1.1.5 | 223.46 | 48.65 | 272.11 | OK | |
r-release-linux-x86_64 | 1.1.5 | 214.77 | 47.31 | 262.08 | OK | |
r-release-macos-arm64 | 1.1.5 | 118.00 | OK | |||
r-release-macos-x86_64 | 1.1.5 | 125.00 | OK | |||
r-release-windows-x86_64 | 1.1.5 | 257.00 | 176.00 | 433.00 | OK | |
r-oldrel-macos-arm64 | 1.1.5 | 109.00 | NOTE | |||
r-oldrel-macos-x86_64 | 1.1.5 | 103.00 | NOTE | |||
r-oldrel-windows-x86_64 | 1.1.5 | 301.00 | 218.00 | 519.00 | NOTE |
Version: 1.1.5
Check: installed package size
Result: NOTE
installed size is 19.7Mb
sub-directories of 1Mb or more:
art_profiles 1.5Mb
libs 17.3Mb
Flavors: r-oldrel-macos-arm64, r-oldrel-macos-x86_64, r-oldrel-windows-x86_64
Version: 1.1.5
Check: for GNU extensions in Makefiles
Result: NOTE
GNU make is a SystemRequirements.
Flavors: r-oldrel-macos-arm64, r-oldrel-macos-x86_64, r-oldrel-windows-x86_64