Last updated on 2024-05-02 04:00:22 CEST.
Flavor | Version | Tinstall | Tcheck | Ttotal | Status | Flags |
---|---|---|---|---|---|---|
r-devel-linux-x86_64-debian-clang | 1.4.0 | 19.00 | 113.61 | 132.61 | NOTE | --no-vignettes |
r-devel-linux-x86_64-debian-gcc | 1.4.0 | 14.96 | 80.34 | 95.30 | NOTE | --no-vignettes |
r-devel-linux-x86_64-fedora-clang | 1.4.0 | 163.07 | NOTE | --no-vignettes | ||
r-devel-linux-x86_64-fedora-gcc | 1.4.0 | 153.29 | NOTE | --no-vignettes | ||
r-devel-windows-x86_64 | 1.4.0 | 15.00 | 122.00 | 137.00 | NOTE | --no-vignettes |
r-patched-linux-x86_64 | 1.4.0 | 21.32 | 106.71 | 128.03 | NOTE | --no-vignettes |
r-release-linux-x86_64 | 1.4.0 | 18.98 | 105.45 | 124.43 | NOTE | --no-vignettes |
r-release-macos-arm64 | 1.4.0 | 636.00 | NOTE | |||
r-release-windows-x86_64 | 1.4.0 | 16.00 | 125.00 | 141.00 | NOTE | --no-vignettes |
r-oldrel-macos-arm64 | 1.4.0 | 670.00 | NOTE | |||
r-oldrel-macos-x86_64 | 1.4.0 | 1354.00 | NOTE | |||
r-oldrel-windows-x86_64 | 1.4.0 | 15.00 | 128.00 | 143.00 | NOTE | --no-vignettes |
Version: 1.4.0
Flags: --no-vignettes
Check: package dependencies
Result: NOTE
Packages suggested but not available for checking: 'gurobi', 'cplexAPI'
Flavors: r-devel-linux-x86_64-debian-clang, r-devel-linux-x86_64-debian-gcc, r-devel-linux-x86_64-fedora-clang, r-devel-linux-x86_64-fedora-gcc, r-devel-windows-x86_64, r-patched-linux-x86_64, r-release-linux-x86_64, r-release-windows-x86_64, r-oldrel-windows-x86_64
Version: 1.4.0
Flags: --no-vignettes
Check: Rd files
Result: NOTE
checkRd: (-1) sTsls.Rd:17: Lost braces; missing escapes or markup?
17 | \item{pi}{the matrix E[XZ']E[ZZ']^{-1}}
| ^
checkRd: (-1) sTslsSplines.Rd:20: Lost braces; missing escapes or markup?
20 | \item{pi}{matrix, corresponds to E[XZ']E[ZZ']^{-1}, the first stage
| ^
Flavors: r-devel-linux-x86_64-debian-clang, r-devel-linux-x86_64-debian-gcc, r-devel-linux-x86_64-fedora-clang, r-devel-linux-x86_64-fedora-gcc, r-devel-windows-x86_64, r-patched-linux-x86_64, r-release-linux-x86_64, r-release-windows-x86_64
Version: 1.4.0
Check: package dependencies
Result: NOTE
Packages suggested but not available for checking: 'gurobi', 'cplexAPI'
Flavors: r-release-macos-arm64, r-oldrel-macos-arm64, r-oldrel-macos-x86_64
Version: 1.4.0
Check: Rd files
Result: NOTE
checkRd: (-1) sTsls.Rd:17: Lost braces; missing escapes or markup?
17 | \item{pi}{the matrix E[XZ']E[ZZ']^{-1}}
| ^
checkRd: (-1) sTslsSplines.Rd:20: Lost braces; missing escapes or markup?
20 | \item{pi}{matrix, corresponds to E[XZ']E[ZZ']^{-1}, the first stage
| ^
Flavor: r-release-macos-arm64