Last updated on 2025-01-26 03:49:50 CET.
Flavor | Version | Tinstall | Tcheck | Ttotal | Status | Flags |
---|---|---|---|---|---|---|
r-devel-linux-x86_64-debian-clang | 1.0.3 | 4.23 | 223.89 | 228.12 | NOTE | |
r-devel-linux-x86_64-debian-gcc | 1.0.3 | 2.74 | 149.10 | 151.84 | NOTE | |
r-devel-linux-x86_64-fedora-clang | 1.0.3 | 414.37 | OK | |||
r-devel-linux-x86_64-fedora-gcc | 1.0.3 | 409.34 | NOTE | |||
r-devel-windows-x86_64 | 1.0.3 | 6.00 | 272.00 | 278.00 | OK | |
r-patched-linux-x86_64 | 1.0.3 | 3.60 | 221.23 | 224.83 | OK | |
r-release-linux-x86_64 | 1.0.3 | 2.91 | 220.89 | 223.80 | OK | |
r-release-macos-arm64 | 1.0.3 | 106.00 | OK | |||
r-release-macos-x86_64 | 1.0.3 | 177.00 | OK | |||
r-release-windows-x86_64 | 1.0.3 | 8.00 | 282.00 | 290.00 | OK | |
r-oldrel-macos-arm64 | 1.0.3 | 108.00 | OK | |||
r-oldrel-macos-x86_64 | 1.0.3 | 456.00 | OK | |||
r-oldrel-windows-x86_64 | 1.0.3 | 7.00 | 316.00 | 323.00 | OK |
Version: 1.0.3
Check: DESCRIPTION meta-information
Result: NOTE
Missing dependency on R >= 4.1.0 because package code uses the pipe
|> or function shorthand \(...) syntax added in R 4.1.0.
File(s) using such syntax:
‘calc.pvalues.R’ ‘helper.R’ ‘hypothesis_templates.R’ ‘irtpwr.R’
‘mml.fit.R’ ‘setup.data.R’
Flavors: r-devel-linux-x86_64-debian-clang, r-devel-linux-x86_64-debian-gcc, r-devel-linux-x86_64-fedora-gcc