Last updated on 2025-07-17 05:49:51 CEST.
Flavor | Version | Tinstall | Tcheck | Ttotal | Status | Flags |
---|---|---|---|---|---|---|
r-devel-linux-x86_64-debian-clang | 0.2.5 | 1.96 | 20.77 | 22.73 | NOTE | |
r-devel-linux-x86_64-debian-gcc | 0.2.5 | 1.57 | 17.12 | 18.69 | NOTE | |
r-devel-linux-x86_64-fedora-clang | 0.2.5 | 34.95 | OK | |||
r-devel-linux-x86_64-fedora-gcc | 0.2.5 | 33.43 | OK | |||
r-devel-windows-x86_64 | 0.2.5 | 3.00 | 43.00 | 46.00 | OK | |
r-patched-linux-x86_64 | 0.2.5 | 1.75 | 19.30 | 21.05 | OK | |
r-release-linux-x86_64 | 0.2.5 | 1.88 | 19.22 | 21.10 | OK | |
r-release-macos-arm64 | 0.2.5 | 17.00 | OK | |||
r-release-macos-x86_64 | 0.2.5 | 31.00 | OK | |||
r-release-windows-x86_64 | 0.2.5 | 4.00 | 44.00 | 48.00 | OK | |
r-oldrel-macos-arm64 | 0.2.5 | 16.00 | OK | |||
r-oldrel-macos-x86_64 | 0.2.5 | 28.00 | OK | |||
r-oldrel-windows-x86_64 | 0.2.5 | 2.00 | 44.00 | 46.00 | OK |
Version: 0.2.5
Check: CRAN incoming feasibility
Result: NOTE
Maintainer: ‘Michel Ballings <michel.ballings@GMail.com>’
No Authors@R field in DESCRIPTION.
Please add one, modifying
Authors@R: c(person(given = "Michel",
family = "Ballings",
role = c("aut", "cre"),
email = "michel.ballings@gmail.com"),
person(given = "Dirk",
family = "Van den Poel",
role = "aut"))
as necessary.
Flavors: r-devel-linux-x86_64-debian-clang, r-devel-linux-x86_64-debian-gcc