Last updated on 2024-05-02 04:00:22 CEST.
Flavor | Version | Tinstall | Tcheck | Ttotal | Status | Flags |
---|---|---|---|---|---|---|
r-devel-linux-x86_64-debian-clang | 1.2.6 | 95.19 | 182.08 | 277.27 | NOTE | |
r-devel-linux-x86_64-debian-gcc | 1.2.6 | 82.45 | 129.34 | 211.79 | NOTE | |
r-devel-linux-x86_64-fedora-clang | 1.2.6 | 366.81 | NOTE | |||
r-devel-linux-x86_64-fedora-gcc | 1.2.6 | 377.89 | NOTE | |||
r-devel-windows-x86_64 | 1.2.6 | 76.00 | 142.00 | 218.00 | NOTE | |
r-patched-linux-x86_64 | 1.2.6 | 68.58 | 171.81 | 240.39 | NOTE | |
r-release-linux-x86_64 | 1.2.6 | 88.74 | 167.61 | 256.35 | NOTE | |
r-release-macos-arm64 | 1.2.6 | 80.00 | NOTE | |||
r-release-windows-x86_64 | 1.2.6 | 77.00 | 143.00 | 220.00 | NOTE | |
r-oldrel-macos-arm64 | 1.2.6 | 90.00 | NOTE | |||
r-oldrel-macos-x86_64 | 1.2.6 | 148.00 | NOTE | |||
r-oldrel-windows-x86_64 | 1.2.6 | 101.00 | 190.00 | 291.00 | NOTE |
Version: 1.2.6
Check: C++ specification
Result: NOTE
Specified C++11: please drop specification unless essential
Flavors: r-devel-linux-x86_64-debian-clang, r-devel-linux-x86_64-debian-gcc, r-devel-linux-x86_64-fedora-clang, r-devel-linux-x86_64-fedora-gcc, r-devel-windows-x86_64, r-patched-linux-x86_64, r-release-linux-x86_64, r-release-macos-arm64, r-release-windows-x86_64, r-oldrel-macos-arm64, r-oldrel-macos-x86_64, r-oldrel-windows-x86_64