Last updated on 2024-05-01 03:53:40 CEST.
Flavor | Version | Tinstall | Tcheck | Ttotal | Status | Flags |
---|---|---|---|---|---|---|
r-devel-linux-x86_64-debian-clang | 0.0.4 | 47.08 | 67.41 | 114.49 | NOTE | |
r-devel-linux-x86_64-debian-gcc | 0.0.4 | 35.59 | 50.23 | 85.82 | NOTE | |
r-devel-linux-x86_64-fedora-clang | 0.0.4 | 142.59 | NOTE | |||
r-devel-linux-x86_64-fedora-gcc | 0.0.4 | 146.55 | NOTE | |||
r-devel-windows-x86_64 | 0.0.4 | 33.00 | 86.00 | 119.00 | NOTE | |
r-patched-linux-x86_64 | 0.0.4 | 41.17 | 64.64 | 105.81 | NOTE | |
r-release-linux-x86_64 | 0.0.4 | 44.88 | 64.31 | 109.19 | NOTE | |
r-release-macos-arm64 | 0.0.4 | 42.00 | NOTE | |||
r-release-windows-x86_64 | 0.0.4 | 35.00 | 85.00 | 120.00 | NOTE | |
r-oldrel-macos-arm64 | 0.0.4 | 46.00 | NOTE | |||
r-oldrel-macos-x86_64 | 0.0.4 | 78.00 | NOTE | |||
r-oldrel-windows-x86_64 | 0.0.4 | 42.00 | 102.00 | 144.00 | NOTE |
Version: 0.0.4
Check: C++ specification
Result: NOTE
Specified C++11: please drop specification unless essential
Flavors: r-devel-linux-x86_64-debian-clang, r-devel-linux-x86_64-debian-gcc, r-devel-linux-x86_64-fedora-clang, r-devel-linux-x86_64-fedora-gcc, r-devel-windows-x86_64, r-patched-linux-x86_64, r-release-linux-x86_64, r-release-macos-arm64, r-release-windows-x86_64, r-oldrel-macos-arm64, r-oldrel-macos-x86_64, r-oldrel-windows-x86_64
Version: 0.0.4
Check: installed package size
Result: NOTE
installed size is 5.0Mb
sub-directories of 1Mb or more:
libs 4.9Mb
Flavors: r-oldrel-macos-arm64, r-oldrel-macos-x86_64