CRAN Package Check Results for Package idx2r

Last updated on 2025-07-16 06:51:41 CEST.

Flavor Version Tinstall Tcheck Ttotal Status Flags
r-devel-linux-x86_64-debian-clang 1.0.0 1.67 21.96 23.63 NOTE
r-devel-linux-x86_64-debian-gcc 1.0.0 1.28 18.08 19.36 NOTE
r-devel-linux-x86_64-fedora-clang 1.0.0 33.33 OK
r-devel-linux-x86_64-fedora-gcc 1.0.0 30.16 OK
r-devel-windows-x86_64 1.0.0 3.00 46.00 49.00 OK
r-patched-linux-x86_64 1.0.0 1.69 19.46 21.15 OK
r-release-linux-x86_64 1.0.0 1.25 19.22 20.47 OK
r-release-macos-arm64 1.0.0 16.00 OK
r-release-macos-x86_64 1.0.0 29.00 OK
r-release-windows-x86_64 1.0.0 3.00 53.00 56.00 OK
r-oldrel-macos-arm64 1.0.0 15.00 OK
r-oldrel-macos-x86_64 1.0.0 22.00 OK
r-oldrel-windows-x86_64 1.0.0 3.00 50.00 53.00 OK

Check Details

Version: 1.0.0
Check: CRAN incoming feasibility
Result: NOTE Maintainer: ‘Erik Doffagne <erik.doffagne@gmail.com>’ No Authors@R field in DESCRIPTION. Please add one, modifying Authors@R: person(given = "Erik", family = "Doffagne", role = c("aut", "cre"), email = "erik.doffagne@gmail.com") as necessary. Flavors: r-devel-linux-x86_64-debian-clang, r-devel-linux-x86_64-debian-gcc