Last updated on 2024-05-02 04:00:21 CEST.
Flavor | Version | Tinstall | Tcheck | Ttotal | Status | Flags |
---|---|---|---|---|---|---|
r-devel-linux-x86_64-debian-clang | 1.5 | 9.54 | 85.14 | 94.68 | NOTE | |
r-devel-linux-x86_64-debian-gcc | 1.5 | 6.23 | 63.64 | 69.87 | NOTE | |
r-devel-linux-x86_64-fedora-clang | 1.5 | 124.67 | NOTE | |||
r-devel-linux-x86_64-fedora-gcc | 1.5 | 115.09 | NOTE | |||
r-devel-windows-x86_64 | 1.5 | 9.00 | 83.00 | 92.00 | OK | |
r-patched-linux-x86_64 | 1.5 | 10.96 | 80.39 | 91.35 | NOTE | |
r-release-linux-x86_64 | 1.5 | 9.23 | 82.55 | 91.78 | NOTE | |
r-release-macos-arm64 | 1.5 | 35.00 | NOTE | |||
r-release-macos-x86_64 | 1.5 | 68.00 | NOTE | |||
r-release-windows-x86_64 | 1.5 | 8.00 | 82.00 | 90.00 | OK | |
r-oldrel-macos-arm64 | 1.5 | 43.00 | NOTE | |||
r-oldrel-macos-x86_64 | 1.5 | 75.00 | NOTE | |||
r-oldrel-windows-x86_64 | 1.5 | 11.00 | 100.00 | 111.00 | OK |
Version: 1.5
Check: package dependencies
Result: NOTE
Package suggested but not available for checking: ‘frailtypack’
Flavors: r-devel-linux-x86_64-debian-clang, r-devel-linux-x86_64-debian-gcc, r-devel-linux-x86_64-fedora-clang, r-devel-linux-x86_64-fedora-gcc, r-patched-linux-x86_64, r-release-linux-x86_64
Version: 1.5
Check: package dependencies
Result: NOTE
Package suggested but not available for checking: ‘mixAK’
Flavors: r-release-macos-arm64, r-oldrel-macos-arm64, r-oldrel-macos-x86_64
Version: 1.5
Check: package dependencies
Result: NOTE
Packages suggested but not available for checking:
'mixAK', 'FHtest', 'frailtypack'
Flavor: r-release-macos-x86_64