Last updated on 2024-05-02 04:00:22 CEST.
Flavor | Version | Tinstall | Tcheck | Ttotal | Status | Flags |
---|---|---|---|---|---|---|
r-devel-linux-x86_64-debian-clang | 2.0.0 | 11.13 | 150.57 | 161.70 | OK | |
r-devel-linux-x86_64-debian-gcc | 2.0.0 | 7.46 | 108.39 | 115.85 | OK | |
r-devel-linux-x86_64-fedora-clang | 2.0.0 | 200.22 | NOTE | |||
r-devel-linux-x86_64-fedora-gcc | 2.0.0 | 191.07 | OK | |||
r-devel-windows-x86_64 | 2.0.0 | 10.00 | 113.00 | 123.00 | OK | |
r-patched-linux-x86_64 | 2.0.0 | 5.88 | 145.55 | 151.43 | OK | |
r-release-linux-x86_64 | 2.0.0 | 6.30 | 145.98 | 152.28 | OK | |
r-release-macos-arm64 | 2.0.0 | 60.00 | OK | |||
r-release-windows-x86_64 | 2.0.0 | 11.00 | 115.00 | 126.00 | OK | |
r-oldrel-macos-arm64 | 2.0.0 | 62.00 | OK | |||
r-oldrel-macos-x86_64 | 2.0.0 | 123.00 | OK | |||
r-oldrel-windows-x86_64 | 2.0.0 | 11.00 | 155.00 | 166.00 | OK |
Version: 2.0.0
Check: Rd cross-references
Result: NOTE
Undeclared package ‘plotly’ in Rd xrefs
Flavor: r-devel-linux-x86_64-fedora-clang