Last updated on 2024-05-02 04:00:21 CEST.
Flavor | Version | Tinstall | Tcheck | Ttotal | Status | Flags |
---|---|---|---|---|---|---|
r-devel-linux-x86_64-debian-clang | 0.8.7 | 9.84 | 75.79 | 85.63 | OK | |
r-devel-linux-x86_64-debian-gcc | 0.8.7 | 6.76 | 55.86 | 62.62 | OK | |
r-devel-linux-x86_64-fedora-clang | 0.8.7 | 105.83 | NOTE | |||
r-devel-linux-x86_64-fedora-gcc | 0.8.7 | 101.18 | OK | |||
r-devel-windows-x86_64 | 0.8.7 | 9.00 | 77.00 | 86.00 | OK | |
r-patched-linux-x86_64 | 0.8.7 | 13.19 | 71.75 | 84.94 | OK | |
r-release-linux-x86_64 | 0.8.7 | 5.70 | 70.50 | 76.20 | OK | |
r-release-macos-arm64 | 0.8.7 | 32.00 | OK | |||
r-release-macos-x86_64 | 0.8.7 | 60.00 | OK | |||
r-release-windows-x86_64 | 0.8.7 | 10.00 | 76.00 | 86.00 | OK | |
r-oldrel-macos-arm64 | 0.8.7 | 37.00 | OK | |||
r-oldrel-macos-x86_64 | 0.8.7 | 61.00 | OK | |||
r-oldrel-windows-x86_64 | 0.8.7 | 12.00 | 89.00 | 101.00 | OK |
Version: 0.8.7
Check: Rd cross-references
Result: NOTE
Undeclared package ‘rlang’ in Rd xrefs
Flavor: r-devel-linux-x86_64-fedora-clang