CRAN Package Check Results for Package hgnc

Last updated on 2025-01-26 03:49:49 CET.

Flavor Version Tinstall Tcheck Ttotal Status Flags
r-devel-linux-x86_64-debian-clang 0.1.4 3.10 32.09 35.19 NOTE
r-devel-linux-x86_64-debian-gcc 0.1.4 2.51 24.87 27.38 NOTE
r-devel-linux-x86_64-fedora-clang 0.1.4 56.04 OK
r-devel-linux-x86_64-fedora-gcc 0.1.4 54.83 NOTE
r-devel-windows-x86_64 0.1.4 6.00 52.00 58.00 OK
r-patched-linux-x86_64 0.1.4 3.40 30.00 33.40 OK
r-release-linux-x86_64 0.1.4 3.21 30.59 33.80 OK
r-release-macos-arm64 0.1.4 25.00 OK
r-release-macos-x86_64 0.1.4 34.00 OK
r-release-windows-x86_64 0.1.4 6.00 52.00 58.00 OK
r-oldrel-macos-arm64 0.1.4 23.00 OK
r-oldrel-macos-x86_64 0.1.4 37.00 OK
r-oldrel-windows-x86_64 0.1.4 6.00 56.00 62.00 OK

Check Details

Version: 0.1.4
Check: DESCRIPTION meta-information
Result: NOTE Missing dependency on R >= 4.1.0 because package code uses the pipe |> or function shorthand \(...) syntax added in R 4.1.0. File(s) using such syntax: ‘ftp_ls.R’ Flavors: r-devel-linux-x86_64-debian-clang, r-devel-linux-x86_64-debian-gcc, r-devel-linux-x86_64-fedora-gcc