Last updated on 2025-02-20 04:51:14 CET.
Flavor | Version | Tinstall | Tcheck | Ttotal | Status | Flags |
---|---|---|---|---|---|---|
r-devel-linux-x86_64-debian-clang | 1.0.0 | 7.24 | 39.90 | 47.14 | NOTE | |
r-devel-linux-x86_64-debian-gcc | 1.0.0 | 5.34 | 30.54 | 35.88 | NOTE | |
r-devel-linux-x86_64-fedora-clang | 1.0.0 | 75.94 | NOTE | |||
r-devel-linux-x86_64-fedora-gcc | 1.0.0 | 73.03 | NOTE | |||
r-devel-macos-arm64 | 1.0.0 | 31.00 | OK | |||
r-devel-macos-x86_64 | 1.0.0 | 48.00 | NOTE | |||
r-devel-windows-x86_64 | 1.0.0 | 9.00 | 61.00 | 70.00 | NOTE | |
r-patched-linux-x86_64 | 1.0.0 | 8.23 | 37.90 | 46.13 | OK | |
r-release-linux-x86_64 | 1.0.0 | 7.37 | 38.41 | 45.78 | OK | |
r-release-macos-arm64 | 1.0.0 | 28.00 | OK | |||
r-release-macos-x86_64 | 1.0.0 | 53.00 | OK | |||
r-release-windows-x86_64 | 1.0.0 | 8.00 | 61.00 | 69.00 | OK | |
r-oldrel-macos-arm64 | 1.0.0 | 32.00 | OK | |||
r-oldrel-macos-x86_64 | 1.0.0 | 70.00 | OK | |||
r-oldrel-windows-x86_64 | 1.0.0 | 12.00 | 91.00 | 103.00 | OK |
Version: 1.0.0
Check: DESCRIPTION meta-information
Result: NOTE
Missing dependency on R >= 4.1.0 because package code uses the pipe
|> or function shorthand \(...) syntax added in R 4.1.0.
File(s) using such syntax:
‘predict.heckmange.R’
Flavors: r-devel-linux-x86_64-debian-clang, r-devel-linux-x86_64-debian-gcc, r-devel-linux-x86_64-fedora-clang, r-devel-linux-x86_64-fedora-gcc, r-devel-macos-x86_64, r-devel-windows-x86_64