Last updated on 2025-07-04 05:49:24 CEST.
Flavor | Version | Tinstall | Tcheck | Ttotal | Status | Flags |
---|---|---|---|---|---|---|
r-devel-linux-x86_64-debian-clang | 1.0.2 | 17.87 | 35.07 | 52.94 | NOTE | |
r-devel-linux-x86_64-debian-gcc | 1.0.2 | 13.83 | 25.73 | 39.56 | NOTE | |
r-devel-linux-x86_64-fedora-clang | 1.0.2 | 91.64 | OK | |||
r-devel-linux-x86_64-fedora-gcc | 1.0.2 | 92.57 | OK | |||
r-devel-windows-x86_64 | 1.0.2 | 21.00 | 74.00 | 95.00 | NOTE | |
r-patched-linux-x86_64 | 1.0.2 | 20.35 | 33.21 | 53.56 | NOTE | |
r-release-linux-x86_64 | 1.0.2 | 19.46 | 33.10 | 52.56 | NOTE | |
r-release-macos-arm64 | 1.0.2 | 31.00 | OK | |||
r-release-macos-x86_64 | 1.0.2 | 71.00 | OK | |||
r-release-windows-x86_64 | 1.0.2 | 24.00 | 77.00 | 101.00 | NOTE | |
r-oldrel-macos-arm64 | 1.0.2 | 29.00 | OK | |||
r-oldrel-macos-x86_64 | 1.0.2 | 53.00 | OK | |||
r-oldrel-windows-x86_64 | 1.0.2 | 27.00 | 86.00 | 113.00 | OK |
Version: 1.0.2
Check: Rd cross-references
Result: NOTE
Found the following Rd file(s) with Rd \link{} targets missing package
anchors:
dcbs.alg.Rd: foreach
sbs.alg.Rd: foreach
Please provide package anchors for all Rd \link{} targets not in the
package itself and the base packages.
Flavors: r-devel-linux-x86_64-debian-clang, r-devel-linux-x86_64-debian-gcc, r-devel-windows-x86_64, r-patched-linux-x86_64, r-release-linux-x86_64, r-release-windows-x86_64