Last updated on 2025-05-09 04:51:58 CEST.
Flavor | Version | Tinstall | Tcheck | Ttotal | Status | Flags |
---|---|---|---|---|---|---|
r-devel-linux-x86_64-debian-clang | 3.0.1 | 1.98 | 41.33 | 43.31 | NOTE | |
r-devel-linux-x86_64-debian-gcc | 3.0.1 | 1.42 | 30.78 | 32.20 | NOTE | |
r-devel-linux-x86_64-fedora-clang | 3.0.1 | 67.94 | OK | |||
r-devel-linux-x86_64-fedora-gcc | 3.0.1 | 80.36 | OK | |||
r-devel-windows-x86_64 | 3.0.1 | 3.00 | 64.00 | 67.00 | OK | |
r-patched-linux-x86_64 | 3.0.1 | 2.02 | 39.57 | 41.59 | OK | |
r-release-linux-x86_64 | 3.0.1 | 1.88 | 39.62 | 41.50 | OK | |
r-release-macos-arm64 | 3.0.1 | 32.00 | OK | |||
r-release-macos-x86_64 | 3.0.1 | 67.00 | OK | |||
r-release-windows-x86_64 | 3.0.1 | 5.00 | 78.00 | 83.00 | OK | |
r-oldrel-macos-arm64 | 3.0.1 | 33.00 | OK | |||
r-oldrel-macos-x86_64 | 3.0.1 | 52.00 | OK | |||
r-oldrel-windows-x86_64 | 3.0.1 | 5.00 | 75.00 | 80.00 | OK |
Version: 3.0.1
Check: CRAN incoming feasibility
Result: NOTE
Maintainer: ‘Daniel Wilson <hmp.R.package@gmail.com>’
No Authors@R field in DESCRIPTION.
Please add one, modifying
Authors@R: c(person(given = c("Daniel", "J."),
family = "Wilson",
role = "aut"),
person(given = "Daniel",
family = "Wilson",
role = "cre",
email = "hmp.R.package@gmail.com"))
as necessary.
Flavors: r-devel-linux-x86_64-debian-clang, r-devel-linux-x86_64-debian-gcc