CRAN Package Check Results for Package grpseq

Last updated on 2025-05-09 04:51:58 CEST.

Flavor Version Tinstall Tcheck Ttotal Status Flags
r-devel-linux-x86_64-debian-clang 1.0 2.24 25.14 27.38 NOTE
r-devel-linux-x86_64-debian-gcc 1.0 1.63 19.95 21.58 NOTE
r-devel-linux-x86_64-fedora-clang 1.0 44.27 OK
r-devel-linux-x86_64-fedora-gcc 1.0 56.62 OK
r-devel-windows-x86_64 1.0 3.00 46.00 49.00 OK
r-patched-linux-x86_64 1.0 2.26 24.21 26.47 OK
r-release-linux-x86_64 1.0 2.22 24.26 26.48 OK
r-release-macos-arm64 1.0 26.00 OK
r-release-macos-x86_64 1.0 42.00 OK
r-release-windows-x86_64 1.0 4.00 47.00 51.00 OK
r-oldrel-macos-arm64 1.0 23.00 OK
r-oldrel-macos-x86_64 1.0 35.00 OK
r-oldrel-windows-x86_64 1.0 4.00 51.00 55.00 OK

Check Details

Version: 1.0
Check: CRAN incoming feasibility
Result: NOTE Maintainer: ‘Lu Mao <lmao@biostat.wisc.edu>’ No Authors@R field in DESCRIPTION. Please add one, modifying Authors@R: person(given = "Lu", family = "Mao", role = c("aut", "cre"), email = "lmao@biostat.wisc.edu") as necessary. Flavors: r-devel-linux-x86_64-debian-clang, r-devel-linux-x86_64-debian-gcc