Last updated on 2024-05-02 04:00:20 CEST.
Flavor | Version | Tinstall | Tcheck | Ttotal | Status | Flags |
---|---|---|---|---|---|---|
r-devel-linux-x86_64-debian-clang | 0.2.20 | 4.12 | 40.10 | 44.22 | NOTE | |
r-devel-linux-x86_64-debian-gcc | 0.2.20 | 3.13 | 30.08 | 33.21 | NOTE | |
r-devel-linux-x86_64-fedora-clang | 0.2.20 | 56.87 | NOTE | |||
r-devel-linux-x86_64-fedora-gcc | 0.2.20 | 63.35 | NOTE | |||
r-devel-windows-x86_64 | 0.2.20 | 5.00 | 50.00 | 55.00 | NOTE | |
r-patched-linux-x86_64 | 0.2.20 | 4.02 | 37.05 | 41.07 | NOTE | |
r-release-linux-x86_64 | 0.2.20 | 4.00 | 37.84 | 41.84 | NOTE | |
r-release-macos-arm64 | 0.2.20 | 26.00 | NOTE | |||
r-release-windows-x86_64 | 0.2.20 | 6.00 | 51.00 | 57.00 | NOTE | |
r-oldrel-macos-arm64 | 0.2.20 | 26.00 | NOTE | |||
r-oldrel-macos-x86_64 | 0.2.20 | 39.00 | NOTE | |||
r-oldrel-windows-x86_64 | 0.2.20 | 5.00 | 51.00 | 56.00 | NOTE |
Version: 0.2.20
Check: LazyData
Result: NOTE
'LazyData' is specified without a 'data' directory
Flavors: r-devel-linux-x86_64-debian-clang, r-devel-linux-x86_64-debian-gcc, r-devel-linux-x86_64-fedora-clang, r-devel-linux-x86_64-fedora-gcc, r-devel-windows-x86_64, r-patched-linux-x86_64, r-release-linux-x86_64, r-release-macos-arm64, r-release-windows-x86_64, r-oldrel-macos-arm64, r-oldrel-macos-x86_64, r-oldrel-windows-x86_64
Version: 0.2.20
Check: dependencies in R code
Result: NOTE
Namespace in Imports field not imported from: ‘usethis’
All declared Imports should be used.
Flavors: r-devel-linux-x86_64-fedora-clang, r-devel-linux-x86_64-fedora-gcc