Last updated on 2024-05-02 04:00:20 CEST.
Flavor | Version | Tinstall | Tcheck | Ttotal | Status | Flags |
---|---|---|---|---|---|---|
r-devel-linux-x86_64-debian-clang | 0.6 | 6.14 | 116.03 | 122.17 | OK | |
r-devel-linux-x86_64-debian-gcc | 0.6 | 5.15 | 80.60 | 85.75 | OK | |
r-devel-linux-x86_64-fedora-clang | 0.6 | 161.39 | NOTE | |||
r-devel-linux-x86_64-fedora-gcc | 0.6 | 156.35 | NOTE | |||
r-devel-windows-x86_64 | 0.6 | 8.00 | 105.00 | 113.00 | OK | |
r-patched-linux-x86_64 | 0.6 | 6.79 | 110.86 | 117.65 | OK | |
r-release-linux-x86_64 | 0.6 | 7.10 | 112.82 | 119.92 | OK | |
r-release-macos-arm64 | 0.6 | 50.00 | OK | |||
r-release-windows-x86_64 | 0.6 | 9.00 | 108.00 | 117.00 | OK | |
r-oldrel-macos-arm64 | 0.6 | 52.00 | OK | |||
r-oldrel-macos-x86_64 | 0.6 | 84.00 | OK | |||
r-oldrel-windows-x86_64 | 0.6 | 10.00 | 128.00 | 138.00 | OK |
Version: 0.6
Check: dependencies in R code
Result: NOTE
Namespace in Imports field not imported from: ‘BiasedUrn’
All declared Imports should be used.
Flavors: r-devel-linux-x86_64-fedora-clang, r-devel-linux-x86_64-fedora-gcc