Last updated on 2025-05-16 05:49:08 CEST.
Flavor | Version | Tinstall | Tcheck | Ttotal | Status | Flags |
---|---|---|---|---|---|---|
r-devel-linux-x86_64-debian-clang | 0.1.12 | 14.93 | 78.10 | 93.03 | OK | |
r-devel-linux-x86_64-debian-gcc | 0.1.12 | 10.57 | 59.04 | 69.61 | OK | |
r-devel-linux-x86_64-fedora-clang | 0.1.12 | 150.25 | NOTE | |||
r-devel-linux-x86_64-fedora-gcc | 0.1.12 | 138.07 | NOTE | |||
r-devel-windows-x86_64 | 0.1.12 | 19.00 | 87.00 | 106.00 | OK | |
r-patched-linux-x86_64 | 0.1.12 | 14.25 | 75.59 | 89.84 | OK | |
r-release-linux-x86_64 | 0.1.12 | 13.77 | 77.53 | 91.30 | OK | |
r-release-macos-arm64 | 0.1.12 | 45.00 | OK | |||
r-release-macos-x86_64 | 0.1.12 | 77.00 | OK | |||
r-release-windows-x86_64 | 0.1.12 | 21.00 | 87.00 | 108.00 | OK | |
r-oldrel-macos-arm64 | 0.1.12 | 55.00 | NOTE | |||
r-oldrel-macos-x86_64 | 0.1.12 | 94.00 | NOTE | |||
r-oldrel-windows-x86_64 | 0.1.12 | 25.00 | 106.00 | 131.00 | OK |
Version: 0.1.12
Check: compiled code
Result: NOTE
File ‘graphpcor/libs/graphpcor.so’:
Found no calls to: ‘R_registerRoutines’, ‘R_useDynamicSymbols’
It is good practice to register native routines and to disable symbol
search.
See ‘Writing portable packages’ in the ‘Writing R Extensions’ manual.
Flavors: r-devel-linux-x86_64-fedora-clang, r-devel-linux-x86_64-fedora-gcc
Version: 0.1.12
Check: package dependencies
Result: NOTE
Package suggested but not available for checking: ‘INLA’
Flavors: r-oldrel-macos-arm64, r-oldrel-macos-x86_64
Version: 0.1.12
Check: Rd cross-references
Result: NOTE
Package unavailable to check Rd xrefs: ‘INLA’
Flavors: r-oldrel-macos-arm64, r-oldrel-macos-x86_64