CRAN Package Check Results for Package grafzahl

Last updated on 2025-01-19 03:49:19 CET.

Flavor Version Tinstall Tcheck Ttotal Status Flags
r-devel-linux-x86_64-debian-clang 0.0.11 9.99 85.44 95.43 NOTE
r-devel-linux-x86_64-debian-gcc 0.0.11 7.59 62.81 70.40 NOTE
r-devel-linux-x86_64-fedora-clang 0.0.11 115.93 OK
r-devel-linux-x86_64-fedora-gcc 0.0.11 126.94 OK
r-devel-windows-x86_64 0.0.11 13.00 114.00 127.00 NOTE
r-patched-linux-x86_64 0.0.11 14.75 78.37 93.12 NOTE
r-release-linux-x86_64 0.0.11 9.07 78.58 87.65 NOTE
r-release-macos-arm64 0.0.11 54.00 OK
r-release-macos-x86_64 0.0.11 78.00 OK
r-release-windows-x86_64 0.0.11 14.00 109.00 123.00 OK
r-oldrel-macos-arm64 0.0.11 58.00 OK
r-oldrel-macos-x86_64 0.0.11 127.00 OK
r-oldrel-windows-x86_64 0.0.11 15.00 119.00 134.00 OK

Check Details

Version: 0.0.11
Check: Rd cross-references
Result: NOTE Found the following Rd file(s) with Rd \link{} targets missing package anchors: grafzahl.Rd: corpus, docvars predict.grafzahl.Rd: corpus Please provide package anchors for all Rd \link{} targets not in the package itself and the base packages. Flavors: r-devel-linux-x86_64-debian-clang, r-devel-linux-x86_64-debian-gcc, r-devel-windows-x86_64

Version: 0.0.11
Check: package dependencies
Result: NOTE Package suggested but not available for checking: ‘quanteda.textmodels’ Flavors: r-patched-linux-x86_64, r-release-linux-x86_64