CRAN Package Check Results for Package gmvjoint

Last updated on 2025-06-30 05:48:26 CEST.

Flavor Version Tinstall Tcheck Ttotal Status Flags
r-devel-linux-x86_64-debian-clang 0.4.5 62.43 107.62 170.05 OK
r-devel-linux-x86_64-debian-gcc 0.4.5 45.56 76.06 121.62 OK
r-devel-linux-x86_64-fedora-clang 0.4.5 277.31 OK
r-devel-linux-x86_64-fedora-gcc 0.4.5 265.61 OK
r-devel-windows-x86_64 0.4.5 73.00 144.00 217.00 OK
r-patched-linux-x86_64 OK
r-release-linux-x86_64 0.4.5 67.53 100.91 168.44 OK
r-release-macos-arm64 0.4.5 81.00 OK
r-release-macos-x86_64 0.4.5 145.00 OK
r-release-windows-x86_64 0.4.5 73.00 142.00 215.00 OK
r-oldrel-macos-arm64 0.4.5 74.00 NOTE
r-oldrel-macos-x86_64 0.4.5 131.00 NOTE
r-oldrel-windows-x86_64 0.4.5 87.00 168.00 255.00 OK

Check Details

Version: 0.4.5
Check: installed package size
Result: NOTE installed size is 7.4Mb sub-directories of 1Mb or more: libs 6.9Mb Flavors: r-oldrel-macos-arm64, r-oldrel-macos-x86_64