Last updated on 2024-05-02 04:00:19 CEST.
Flavor | Version | Tinstall | Tcheck | Ttotal | Status | Flags |
---|---|---|---|---|---|---|
r-devel-linux-x86_64-debian-clang | 0.2-0 | 4.57 | 45.15 | 49.72 | OK | |
r-devel-linux-x86_64-debian-gcc | 0.2-0 | 3.49 | 34.75 | 38.24 | OK | |
r-devel-linux-x86_64-fedora-clang | 0.2-0 | 64.84 | OK | |||
r-devel-linux-x86_64-fedora-gcc | 0.2-0 | 64.19 | OK | |||
r-devel-windows-x86_64 | 0.2-0 | 5.00 | 58.00 | 63.00 | OK | |
r-patched-linux-x86_64 | 0.2-0 | 3.45 | 43.08 | 46.53 | OK | |
r-release-linux-x86_64 | 0.2-0 | 4.14 | 44.94 | 49.08 | OK | |
r-release-macos-arm64 | 0.2-0 | 23.00 | OK | |||
r-release-windows-x86_64 | 0.2-0 | 5.00 | 57.00 | 62.00 | OK | |
r-oldrel-macos-arm64 | 0.2-0 | 26.00 | OK | |||
r-oldrel-macos-x86_64 | 0.2-0 | 37.00 | NOTE | |||
r-oldrel-windows-x86_64 | 0.2-0 | 6.00 | 60.00 | 66.00 | OK |
Version: 0.2-0
Check: package dependencies
Result: NOTE
Package suggested but not available for checking: ‘AER’
Flavor: r-oldrel-macos-x86_64