Last updated on 2024-05-02 04:00:19 CEST.
Flavor | Version | Tinstall | Tcheck | Ttotal | Status | Flags |
---|---|---|---|---|---|---|
r-devel-linux-x86_64-debian-clang | 2.0.0 | 15.77 | 197.00 | 212.77 | NOTE | |
r-devel-linux-x86_64-debian-gcc | 2.0.0 | 14.88 | 146.38 | 161.26 | NOTE | |
r-devel-linux-x86_64-fedora-clang | 2.0.0 | 271.78 | NOTE | |||
r-devel-linux-x86_64-fedora-gcc | 2.0.0 | 283.19 | NOTE | |||
r-devel-windows-x86_64 | 2.0.0 | 15.00 | 162.00 | 177.00 | NOTE | |
r-patched-linux-x86_64 | 2.0.0 | 11.34 | 188.27 | 199.61 | NOTE | |
r-release-linux-x86_64 | 2.0.0 | 11.90 | 189.73 | 201.63 | NOTE | |
r-release-macos-arm64 | 2.0.0 | 85.00 | NOTE | |||
r-release-windows-x86_64 | 2.0.0 | 14.00 | 160.00 | 174.00 | NOTE | |
r-oldrel-macos-arm64 | 2.0.0 | 83.00 | OK | |||
r-oldrel-macos-x86_64 | 2.0.0 | 137.00 | OK | |||
r-oldrel-windows-x86_64 | 2.0.0 | 19.00 | 193.00 | 212.00 | OK |
Version: 2.0.0
Check: Rd files
Result: NOTE
checkRd: (-1) glmtrans.Rd:83: Lost braces in \itemize; \value handles \item{}{} directly
checkRd: (-1) glmtrans.Rd:84: Lost braces in \itemize; \value handles \item{}{} directly
checkRd: (-1) glmtrans.Rd:85: Lost braces in \itemize; \value handles \item{}{} directly
checkRd: (-1) glmtrans.Rd:86: Lost braces in \itemize; \value handles \item{}{} directly
checkRd: (-1) glmtrans.Rd:87: Lost braces in \itemize; \value handles \item{}{} directly
checkRd: (-1) predict.glmtrans.Rd:23: Lost braces in \itemize; meant \describe ?
checkRd: (-1) predict.glmtrans.Rd:24: Lost braces in \itemize; meant \describe ?
checkRd: (-1) predict.glmtrans.Rd:25: Lost braces in \itemize; meant \describe ?
checkRd: (-1) predict.glmtrans.Rd:26: Lost braces in \itemize; meant \describe ?
Flavors: r-devel-linux-x86_64-debian-clang, r-devel-linux-x86_64-debian-gcc, r-devel-linux-x86_64-fedora-clang, r-devel-linux-x86_64-fedora-gcc, r-devel-windows-x86_64, r-patched-linux-x86_64, r-release-linux-x86_64, r-release-macos-arm64, r-release-windows-x86_64