Last updated on 2024-05-02 04:00:19 CEST.
Flavor | Version | Tinstall | Tcheck | Ttotal | Status | Flags |
---|---|---|---|---|---|---|
r-devel-linux-x86_64-debian-clang | 1.0.1 | 4.48 | 34.34 | 38.82 | OK | |
r-devel-linux-x86_64-debian-gcc | 1.0.1 | 3.01 | 26.40 | 29.41 | OK | |
r-devel-linux-x86_64-fedora-clang | 1.0.1 | 49.49 | NOTE | |||
r-devel-linux-x86_64-fedora-gcc | 1.0.1 | 49.47 | OK | |||
r-devel-windows-x86_64 | 1.0.1 | 8.00 | 50.00 | 58.00 | NOTE | |
r-patched-linux-x86_64 | 1.0.0 | 4.14 | 33.46 | 37.60 | OK | |
r-release-linux-x86_64 | 1.0.0 | 4.42 | 33.58 | 38.00 | OK | |
r-release-macos-arm64 | 1.0.1 | 36.00 | NOTE | |||
r-release-macos-x86_64 | 1.0.1 | 54.00 | NOTE | |||
r-release-windows-x86_64 | 1.0.1 | 11.00 | 48.00 | 59.00 | NOTE | |
r-oldrel-macos-arm64 | 1.0.1 | 41.00 | NOTE | |||
r-oldrel-macos-x86_64 | 1.0.1 | 60.00 | NOTE | |||
r-oldrel-windows-x86_64 | 1.0.1 | 12.00 | 49.00 | 61.00 | NOTE |
Version: 1.0.1
Check: installed package size
Result: NOTE
installed size is 18.0Mb
sub-directories of 1Mb or more:
Giac 17.9Mb
Flavors: r-devel-linux-x86_64-fedora-clang, r-devel-windows-x86_64, r-release-macos-arm64, r-release-macos-x86_64, r-release-windows-x86_64, r-oldrel-macos-arm64, r-oldrel-macos-x86_64, r-oldrel-windows-x86_64