CRAN Package Check Results for Package ggridges

Last updated on 2024-07-14 03:55:10 CEST.

Flavor Version Tinstall Tcheck Ttotal Status Flags
r-devel-linux-x86_64-debian-clang 0.5.6 7.15 129.04 136.19 OK
r-devel-linux-x86_64-debian-gcc 0.5.6 6.70 96.39 103.09 OK
r-devel-linux-x86_64-fedora-clang 0.5.6 175.41 NOTE
r-devel-linux-x86_64-fedora-gcc 0.5.6 176.29 NOTE
r-devel-windows-x86_64 0.5.6 9.00 107.00 116.00 NOTE
r-patched-linux-x86_64 0.5.6 15.27 123.04 138.31 OK
r-release-linux-x86_64 0.5.6 9.44 125.06 134.50 OK
r-release-macos-arm64 0.5.6 53.00 OK
r-release-macos-x86_64 0.5.6 88.00 OK
r-release-windows-x86_64 0.5.6 9.00 106.00 115.00 OK
r-oldrel-macos-arm64 0.5.6 65.00 OK
r-oldrel-macos-x86_64 0.5.6 110.00 OK
r-oldrel-windows-x86_64 0.5.6 11.00 129.00 140.00 OK

Check Details

Version: 0.5.6
Check: data for non-ASCII characters
Result: NOTE Note: found 6242 marked UTF-8 strings Flavors: r-devel-linux-x86_64-fedora-clang, r-devel-linux-x86_64-fedora-gcc

Version: 0.5.6
Check: Rd cross-references
Result: NOTE Found the following Rd file(s) with Rd \link{} targets missing package anchors: geom_density_line.Rd: geom_density geom_density_ridges.Rd: aes, aes_, ggplot, layer, stat_density geom_ridgeline.Rd: aes, aes_, ggplot, layer geom_ridgeline_gradient.Rd: aes, aes_, ggplot, layer geom_vridgeline.Rd: aes, aes_, ggplot, layer position_points_jitter.Rd: position_jitter scale_cyclical.Rd: discrete_scale scale_point.Rd: scale_discrete_manual scale_vline.Rd: scale_discrete_manual stat_density_ridges.Rd: stat_density, aes, aes_, ggplot, layer Please provide package anchors for all Rd \link{} targets not in the package itself and the base packages. Flavor: r-devel-windows-x86_64