CRAN Package Check Results for Package ggpcp

Last updated on 2025-07-04 05:49:23 CEST.

Flavor Version Tinstall Tcheck Ttotal Status Flags
r-devel-linux-x86_64-debian-clang 0.2.0 6.71 71.09 77.80 NOTE
r-devel-linux-x86_64-debian-gcc 0.2.0 4.42 49.78 54.20 NOTE
r-devel-linux-x86_64-fedora-clang 0.2.0 133.11 NOTE
r-devel-linux-x86_64-fedora-gcc 0.2.0 122.01 NOTE
r-devel-windows-x86_64 0.2.0 9.00 80.00 89.00 NOTE
r-patched-linux-x86_64 0.2.0 8.29 65.32 73.61 NOTE
r-release-linux-x86_64 0.2.0 7.04 64.28 71.32 NOTE
r-release-macos-arm64 0.2.0 33.00 NOTE
r-release-macos-x86_64 0.2.0 65.00 NOTE
r-release-windows-x86_64 0.2.0 10.00 79.00 89.00 NOTE
r-oldrel-macos-arm64 0.2.0 33.00 NOTE
r-oldrel-macos-x86_64 0.2.0 50.00 NOTE
r-oldrel-windows-x86_64 0.2.0 11.00 102.00 113.00 NOTE

Check Details

Version: 0.2.0
Check: Rd files
Result: NOTE checkRd: (-1) pcp_scale.Rd:50: Lost braces in \itemize; meant \describe ? checkRd: (-1) pcp_scale.Rd:51: Lost braces in \itemize; meant \describe ? checkRd: (-1) pcp_scale.Rd:52: Lost braces in \itemize; meant \describe ? checkRd: (-1) pcp_scale.Rd:53: Lost braces in \itemize; meant \describe ? checkRd: (-1) pcp_scale.Rd:54-55: Lost braces in \itemize; meant \describe ? Flavors: r-devel-linux-x86_64-debian-clang, r-devel-linux-x86_64-debian-gcc, r-devel-linux-x86_64-fedora-clang, r-devel-linux-x86_64-fedora-gcc, r-devel-windows-x86_64, r-patched-linux-x86_64, r-release-linux-x86_64, r-release-macos-arm64, r-release-macos-x86_64, r-release-windows-x86_64, r-oldrel-macos-arm64, r-oldrel-macos-x86_64, r-oldrel-windows-x86_64