Last updated on 2024-05-02 04:00:19 CEST.
Flavor | Version | Tinstall | Tcheck | Ttotal | Status | Flags |
---|---|---|---|---|---|---|
r-devel-linux-x86_64-debian-clang | 0.5.13 | 6.57 | 102.99 | 109.56 | OK | |
r-devel-linux-x86_64-debian-gcc | 0.5.13 | 4.62 | 78.70 | 83.32 | OK | |
r-devel-linux-x86_64-fedora-clang | 0.5.13 | 139.60 | NOTE | |||
r-devel-linux-x86_64-fedora-gcc | 0.5.13 | 145.76 | NOTE | |||
r-devel-windows-x86_64 | 0.5.13 | 7.00 | 81.00 | 88.00 | OK | |
r-patched-linux-x86_64 | 0.5.13 | 12.55 | 97.12 | 109.67 | OK | |
r-release-linux-x86_64 | 0.5.13 | 5.96 | 98.73 | 104.69 | OK | |
r-release-macos-arm64 | 0.5.13 | 40.00 | OK | |||
r-release-macos-x86_64 | 0.5.13 | 93.00 | OK | |||
r-release-windows-x86_64 | 0.5.13 | 7.00 | 84.00 | 91.00 | OK | |
r-oldrel-macos-arm64 | 0.5.13 | 43.00 | OK | |||
r-oldrel-macos-x86_64 | 0.5.13 | 71.00 | OK | |||
r-oldrel-windows-x86_64 | 0.5.13 | 8.00 | 92.00 | 100.00 | OK |
Version: 0.5.13
Check: dependencies in R code
Result: NOTE
Namespaces in Imports field not imported from:
‘sna’ ‘utils’
All declared Imports should be used.
Flavors: r-devel-linux-x86_64-fedora-clang, r-devel-linux-x86_64-fedora-gcc